{"id":1536,"date":"2021-03-12T12:43:20","date_gmt":"2021-03-12T12:43:20","guid":{"rendered":"https:\/\/oefardas.pt\/?post_type=product&#038;p=1536"},"modified":"2021-03-12T12:43:20","modified_gmt":"2021-03-12T12:43:20","slug":"colete-softshell-ind-s9232-wkt","status":"publish","type":"product","link":"https:\/\/oefardas.pt\/?product=colete-softshell-ind-s9232-wkt","title":{"rendered":"COLETE SOFTSHELL &#8211; IND\/S9232 &#8211; WKT"},"content":{"rendered":"","protected":false},"excerpt":{"rendered":"<p>Em conformidade com o regulamento da UE 2016\/425;<br \/>\nColete Workshell combinado nos ombros e laterais, com fitas refletoras;<br \/>\nGola alta e cremalheira de nailon de fecho inverso;<br \/>\nLapela protetora interior na parte superior cobrindo o puxador;<br \/>\nDois bolsos laterais inseridos com cremalheiras de nailon e debrun em contraste;<br \/>\nDuas fitas reflectoras segmentadas termo-adesivas no peito;<br \/>\nDuas fitas cosidas no lateral e nas costas;<br \/>\nFita decorativa personalizada no ombro;<br \/>\nTecido corta ventos, repelente de \u00e1gua e resistente ao rasgo com membrana interior transpir\u00e1vel, isolante e interior de alta capacidade t\u00e9rmica;<br \/>\nTecido interior suave, com forro de rede adiante.<\/p>\n<h5>Caracter\u00edsticas:<\/h5>\n<p>100% Poli\u00e9ster<\/p>\n<h5>Gramagem:<\/h5>\n<p>350 g\/m<\/p>\n<h5>Tamanhos:<\/h5>\n<p>S \u2013 M \u2013 L \u2013 XL \u2013 XXL \u2013 3XL<\/p>\n","protected":false},"featured_media":1537,"template":"","meta":[],"product_brand":[],"product_cat":[45],"product_tag":[],"class_list":{"0":"post-1536","1":"product","2":"type-product","3":"status-publish","4":"has-post-thumbnail","6":"product_cat-industria","8":"first","9":"instock","10":"shipping-taxable","11":"product-type-simple"},"_links":{"self":[{"href":"https:\/\/oefardas.pt\/index.php?rest_route=\/wp\/v2\/product\/1536","targetHints":{"allow":["GET"]}}],"collection":[{"href":"https:\/\/oefardas.pt\/index.php?rest_route=\/wp\/v2\/product"}],"about":[{"href":"https:\/\/oefardas.pt\/index.php?rest_route=\/wp\/v2\/types\/product"}],"wp:featuredmedia":[{"embeddable":true,"href":"https:\/\/oefardas.pt\/index.php?rest_route=\/wp\/v2\/media\/1537"}],"wp:attachment":[{"href":"https:\/\/oefardas.pt\/index.php?rest_route=%2Fwp%2Fv2%2Fmedia&parent=1536"}],"wp:term":[{"taxonomy":"product_brand","embeddable":true,"href":"https:\/\/oefardas.pt\/index.php?rest_route=%2Fwp%2Fv2%2Fproduct_brand&post=1536"},{"taxonomy":"product_cat","embeddable":true,"href":"https:\/\/oefardas.pt\/index.php?rest_route=%2Fwp%2Fv2%2Fproduct_cat&post=1536"},{"taxonomy":"product_tag","embeddable":true,"href":"https:\/\/oefardas.pt\/index.php?rest_route=%2Fwp%2Fv2%2Fproduct_tag&post=1536"}],"curies":[{"name":"wp","href":"https:\/\/api.w.org\/{rel}","templated":true}]}}