{"id":1573,"date":"2021-03-12T16:07:44","date_gmt":"2021-03-12T16:07:44","guid":{"rendered":"https:\/\/oefardas.pt\/?post_type=product&#038;p=1573"},"modified":"2021-03-12T16:07:44","modified_gmt":"2021-03-12T16:07:44","slug":"parka-av-ignifuga-em-tecido-mono-acrilico-ind-b3791","status":"publish","type":"product","link":"https:\/\/oefardas.pt\/?product=parka-av-ignifuga-em-tecido-mono-acrilico-ind-b3791","title":{"rendered":"PARKA AV IGN\u00cdFUGA EM TECIDO MONO ACR\u00cdLICO &#8211; IND\/B3791"},"content":{"rendered":"","protected":false},"excerpt":{"rendered":"<p><img decoding=\"async\" class=\"alignleft\" src=\"https:\/\/www.workteam.com\/imagenes\/iconoscertificados\/normativa-antiestatico.svg\" \/><img loading=\"lazy\" decoding=\"async\" class=\"alignleft\" src=\"https:\/\/www.workteam.com\/imagenes\/iconoscertificados\/1_prodquimicos-en13034.svg\" width=\"46\" height=\"60\" \/><img decoding=\"async\" class=\"alignleft\" src=\"https:\/\/www.workteam.com\/imagenes\/iconoscertificados\/normativa-ignifugo.svg\" \/><img decoding=\"async\" class=\"alignleft\" src=\"https:\/\/www.workteam.com\/imagenes\/iconoscertificados\/normativa-soldadura.svg\" \/><img loading=\"lazy\" decoding=\"async\" class=\"alignleft\" src=\"https:\/\/www.workteam.com\/imagenes\/iconoscertificados\/1_arco-electrico-new.svg\" width=\"153\" height=\"55\" \/><\/p>\n<p>&nbsp;<\/p>\n<p>&nbsp;<\/p>\n<p><img loading=\"lazy\" decoding=\"async\" class=\"alignleft\" src=\"https:\/\/www.workteam.com\/imagenes\/iconoscertificados\/1_en14058.svg\" width=\"39\" height=\"47\" \/><img loading=\"lazy\" decoding=\"async\" class=\"alignleft\" src=\"https:\/\/www.workteam.com\/imagenes\/iconoscertificados\/1_eniso20471.svg\" width=\"39\" height=\"53\" \/><\/p>\n<p>&nbsp;<\/p>\n<p>&nbsp;<\/p>\n<p>Parka ign\u00edfuga, antiest\u00e1tica com protec\u00e7\u00e3o para soldadura e arco el\u00e9ctrico, de alta visibilidade;<br \/>\nGola alta e fecho de correr de metal e presilhas ocultas por aba;<br \/>\nDois bolsos no peito e dois bolsos laterais sobrepostos e com fecho de correr oculto;<br \/>\nUma fita reflectora ign\u00edfuga nos ombros e dois no peito, nas costas e mangas;<br \/>\nPunho el\u00e1stico no interior da manga.<\/p>\n<h5>Caracter\u00edsticas:<\/h5>\n<p>59% Modacr\u00edlico &#8211; 39% Algod\u00e3o &#8211; 2% Fibra Antiest\u00e1tica<\/p>\n<h5>Gramagem:<\/h5>\n<p><strong>Int.<\/strong> 350 &#8211; <strong>Ext.<\/strong> 280<\/p>\n<h5>Tamanhos:<\/h5>\n<div class=\"swatch-attribute-options clearfix\" tabindex=\"0\" role=\"listbox\" aria-activedescendant=\"\" aria-invalid=\"false\" aria-required=\"true\" aria-labelledby=\"option-label-size-216\">\n<div id=\"option-label-size-216-item-59\" class=\"swatch-option text\" tabindex=\"0\" role=\"option\" aria-checked=\"false\" aria-describedby=\"option-label-size-216\" data-option-type=\"0\" data-option-id=\"59\" data-option-label=\"S\" aria-label=\"S\" data-thumb-width=\"110\" data-thumb-height=\"90\" data-option-tooltip-value=\"S\">XS &#8211; S \u2013 M \u2013 L \u2013 XL \u2013 XXL<\/div>\n<\/div>\n","protected":false},"featured_media":1574,"template":"","meta":[],"product_brand":[],"product_cat":[45],"product_tag":[],"class_list":{"0":"post-1573","1":"product","2":"type-product","3":"status-publish","4":"has-post-thumbnail","6":"product_cat-industria","8":"first","9":"instock","10":"shipping-taxable","11":"product-type-simple"},"_links":{"self":[{"href":"https:\/\/oefardas.pt\/index.php?rest_route=\/wp\/v2\/product\/1573","targetHints":{"allow":["GET"]}}],"collection":[{"href":"https:\/\/oefardas.pt\/index.php?rest_route=\/wp\/v2\/product"}],"about":[{"href":"https:\/\/oefardas.pt\/index.php?rest_route=\/wp\/v2\/types\/product"}],"wp:featuredmedia":[{"embeddable":true,"href":"https:\/\/oefardas.pt\/index.php?rest_route=\/wp\/v2\/media\/1574"}],"wp:attachment":[{"href":"https:\/\/oefardas.pt\/index.php?rest_route=%2Fwp%2Fv2%2Fmedia&parent=1573"}],"wp:term":[{"taxonomy":"product_brand","embeddable":true,"href":"https:\/\/oefardas.pt\/index.php?rest_route=%2Fwp%2Fv2%2Fproduct_brand&post=1573"},{"taxonomy":"product_cat","embeddable":true,"href":"https:\/\/oefardas.pt\/index.php?rest_route=%2Fwp%2Fv2%2Fproduct_cat&post=1573"},{"taxonomy":"product_tag","embeddable":true,"href":"https:\/\/oefardas.pt\/index.php?rest_route=%2Fwp%2Fv2%2Fproduct_tag&post=1573"}],"curies":[{"name":"wp","href":"https:\/\/api.w.org\/{rel}","templated":true}]}}

PARKA AV IGNÍFUGA EM TECIDO MONO ACRÍLICO &#8211; IND/B3791

<p><img decoding="async" class="alignleft" src="https://www.workteam.com/imagenes/iconoscertificados/normativa-antiestatico.svg" /><img loading="lazy" decoding="async" class="alignleft" src="https://www.workteam.com/imagenes/iconoscertificados/1_prodquimicos-en13034.svg" width="46" height="60" /><img decoding="async" class="alignleft" src="https://www.workteam.com/imagenes/iconoscertificados/normativa-ignifugo.svg" /><img decoding="async" class="alignleft" src="https://www.workteam.com/imagenes/iconoscertificados/normativa-soldadura.svg" /><img loading="lazy" decoding="async" class="alignleft" src="https://www.workteam.com/imagenes/iconoscertificados/1_arco-electrico-new.svg" width="153" height="55" /></p>
<p>&nbsp;</p>
<p>&nbsp;</p>
<p><img loading="lazy" decoding="async" class="alignleft" src="https://www.workteam.com/imagenes/iconoscertificados/1_en14058.svg" width="39" height="47" /><img loading="lazy" decoding="async" class="alignleft" src="https://www.workteam.com/imagenes/iconoscertificados/1_eniso20471.svg" width="39" height="53" /></p>
<p>&nbsp;</p>
<p>&nbsp;</p>
<p>Parka ignífuga, antiestática com protecção para soldadura e arco eléctrico, de alta visibilidade;<br />
Gola alta e fecho de correr de metal e presilhas ocultas por aba;<br />
Dois bolsos no peito e dois bolsos laterais sobrepostos e com fecho de correr oculto;<br />
Uma fita reflectora ignífuga nos ombros e dois no peito, nas costas e mangas;<br />
Punho elástico no interior da manga.</p>
<h5>Características:</h5>
<p>59% Modacrílico &#8211; 39% Algodão &#8211; 2% Fibra Antiestática</p>
<h5>Gramagem:</h5>
<p><strong>Int.</strong> 350 &#8211; <strong>Ext.</strong> 280</p>
<h5>Tamanhos:</h5>
<div class="swatch-attribute-options clearfix" tabindex="0" role="listbox" aria-activedescendant="" aria-invalid="false" aria-required="true" aria-labelledby="option-label-size-216">
<div id="option-label-size-216-item-59" class="swatch-option text" tabindex="0" role="option" aria-checked="false" aria-describedby="option-label-size-216" data-option-type="0" data-option-id="59" data-option-label="S" aria-label="S" data-thumb-width="110" data-thumb-height="90" data-option-tooltip-value="S">XS &#8211; S – M – L – XL – XXL</div>
</div>
