{"id":1621,"date":"2021-03-12T18:38:17","date_gmt":"2021-03-12T18:38:17","guid":{"rendered":"https:\/\/oefardas.pt\/?post_type=product&#038;p=1621"},"modified":"2021-03-12T18:38:17","modified_gmt":"2021-03-12T18:38:17","slug":"polo-bicolor-manga-curta-ind-105505","status":"publish","type":"product","link":"https:\/\/oefardas.pt\/?product=polo-bicolor-manga-curta-ind-105505","title":{"rendered":"P\u00d3LO BICOLOR MANGA CURTA &#8211; IND\/105505"},"content":{"rendered":"","protected":false},"excerpt":{"rendered":"<p>Fecho central com bot\u00f5es;<br \/>\nGola e parte inferior da manga caneladas;<br \/>\nCor de contraste no interior da gola, linha na parte inferior da manga, interior da abotoadura;<br \/>\nFaixa de tecido que cobre a costura da gola e presilhas;<br \/>\nInclui bolso de remendo solto, sem coser.<\/p>\n<h5>Caracter\u00edsticas:<\/h5>\n<p>PIQU\u00c9. 60% ALGOD\u00c3O &#8211; 40% POLI\u00c9STER<\/p>\n<h5>Tamanhos:<\/h5>\n<p>XS &#8211; S \u2013 M \u2013 L \u2013 XL \u2013 XXL \u2013 3XL<\/p>\n","protected":false},"featured_media":1622,"template":"","meta":[],"product_brand":[],"product_cat":[45],"product_tag":[],"class_list":{"0":"post-1621","1":"product","2":"type-product","3":"status-publish","4":"has-post-thumbnail","6":"product_cat-industria","8":"first","9":"instock","10":"shipping-taxable","11":"product-type-simple"},"_links":{"self":[{"href":"https:\/\/oefardas.pt\/index.php?rest_route=\/wp\/v2\/product\/1621","targetHints":{"allow":["GET"]}}],"collection":[{"href":"https:\/\/oefardas.pt\/index.php?rest_route=\/wp\/v2\/product"}],"about":[{"href":"https:\/\/oefardas.pt\/index.php?rest_route=\/wp\/v2\/types\/product"}],"wp:featuredmedia":[{"embeddable":true,"href":"https:\/\/oefardas.pt\/index.php?rest_route=\/wp\/v2\/media\/1622"}],"wp:attachment":[{"href":"https:\/\/oefardas.pt\/index.php?rest_route=%2Fwp%2Fv2%2Fmedia&parent=1621"}],"wp:term":[{"taxonomy":"product_brand","embeddable":true,"href":"https:\/\/oefardas.pt\/index.php?rest_route=%2Fwp%2Fv2%2Fproduct_brand&post=1621"},{"taxonomy":"product_cat","embeddable":true,"href":"https:\/\/oefardas.pt\/index.php?rest_route=%2Fwp%2Fv2%2Fproduct_cat&post=1621"},{"taxonomy":"product_tag","embeddable":true,"href":"https:\/\/oefardas.pt\/index.php?rest_route=%2Fwp%2Fv2%2Fproduct_tag&post=1621"}],"curies":[{"name":"wp","href":"https:\/\/api.w.org\/{rel}","templated":true}]}}

PÓLO BICOLOR MANGA CURTA &#8211; IND/105505

<p>Fecho central com botões;<br />
Gola e parte inferior da manga caneladas;<br />
Cor de contraste no interior da gola, linha na parte inferior da manga, interior da abotoadura;<br />
Faixa de tecido que cobre a costura da gola e presilhas;<br />
Inclui bolso de remendo solto, sem coser.</p>
<h5>Características:</h5>
<p>PIQUÉ. 60% ALGODÃO &#8211; 40% POLIÉSTER</p>
<h5>Tamanhos:</h5>
<p>XS &#8211; S – M – L – XL – XXL – 3XL</p>
