{"id":1663,"date":"2021-03-13T11:48:00","date_gmt":"2021-03-13T11:48:00","guid":{"rendered":"https:\/\/oefardas.pt\/?post_type=product&#038;p=1663"},"modified":"2021-03-13T11:48:00","modified_gmt":"2021-03-13T11:48:00","slug":"polo-homem-manga-curta-ind-adam","status":"publish","type":"product","link":"https:\/\/oefardas.pt\/?product=polo-homem-manga-curta-ind-adam","title":{"rendered":"P\u00d3LO HOMEM MANGA CURTA &#8211; IND\/ADAM"},"content":{"rendered":"","protected":false},"excerpt":{"rendered":"<p>Gola e mangas em Rib;<br \/>\nFita de refor\u00e7o na gola e carcela refor\u00e7ada com 3 bot\u00f5es \u00e0 cor;<br \/>\nParte inferior com aberturas laterais;<br \/>\nBot\u00e3o suplente na costura interior;<br \/>\nCortado e cosido.<\/p>\n<h5>Caracter\u00edsticas:<\/h5>\n<p>100% ALGOD\u00c3O<\/p>\n<h5>Gramagem:<\/h5>\n<p>195G\/M<\/p>\n<h5>Tamanhos:<\/h5>\n<div class=\"item-content item-sizes\"><span class=\"size-wrapper\">S &#8211; M &#8211; L &#8211; XL &#8211; XXL &#8211; 3XL &#8211; 4XL<\/span><\/div>\n","protected":false},"featured_media":1664,"template":"","meta":[],"product_brand":[],"product_cat":[45],"product_tag":[],"class_list":{"0":"post-1663","1":"product","2":"type-product","3":"status-publish","4":"has-post-thumbnail","6":"product_cat-industria","8":"first","9":"instock","10":"shipping-taxable","11":"product-type-simple"},"_links":{"self":[{"href":"https:\/\/oefardas.pt\/index.php?rest_route=\/wp\/v2\/product\/1663","targetHints":{"allow":["GET"]}}],"collection":[{"href":"https:\/\/oefardas.pt\/index.php?rest_route=\/wp\/v2\/product"}],"about":[{"href":"https:\/\/oefardas.pt\/index.php?rest_route=\/wp\/v2\/types\/product"}],"wp:featuredmedia":[{"embeddable":true,"href":"https:\/\/oefardas.pt\/index.php?rest_route=\/wp\/v2\/media\/1664"}],"wp:attachment":[{"href":"https:\/\/oefardas.pt\/index.php?rest_route=%2Fwp%2Fv2%2Fmedia&parent=1663"}],"wp:term":[{"taxonomy":"product_brand","embeddable":true,"href":"https:\/\/oefardas.pt\/index.php?rest_route=%2Fwp%2Fv2%2Fproduct_brand&post=1663"},{"taxonomy":"product_cat","embeddable":true,"href":"https:\/\/oefardas.pt\/index.php?rest_route=%2Fwp%2Fv2%2Fproduct_cat&post=1663"},{"taxonomy":"product_tag","embeddable":true,"href":"https:\/\/oefardas.pt\/index.php?rest_route=%2Fwp%2Fv2%2Fproduct_tag&post=1663"}],"curies":[{"name":"wp","href":"https:\/\/api.w.org\/{rel}","templated":true}]}}

PÓLO HOMEM MANGA CURTA &#8211; IND/ADAM

<p>Gola e mangas em Rib;<br />
Fita de reforço na gola e carcela reforçada com 3 botões à cor;<br />
Parte inferior com aberturas laterais;<br />
Botão suplente na costura interior;<br />
Cortado e cosido.</p>
<h5>Características:</h5>
<p>100% ALGODÃO</p>
<h5>Gramagem:</h5>
<p>195G/M</p>
<h5>Tamanhos:</h5>
<div class="item-content item-sizes"><span class="size-wrapper">S &#8211; M &#8211; L &#8211; XL &#8211; XXL &#8211; 3XL &#8211; 4XL</span></div>
