{"id":1692,"date":"2021-03-13T12:00:49","date_gmt":"2021-03-13T12:00:49","guid":{"rendered":"https:\/\/oefardas.pt\/?post_type=product&#038;p=1692"},"modified":"2021-03-13T12:08:18","modified_gmt":"2021-03-13T12:08:18","slug":"polo-homem-manga-curta-ind-perfect-men-sol","status":"publish","type":"product","link":"https:\/\/oefardas.pt\/?product=polo-homem-manga-curta-ind-perfect-men-sol","title":{"rendered":"P\u00d3LO HOMEM MANGA CURTA &#8211; IND\/PERFECT MEN &#8211; SOL"},"content":{"rendered":"","protected":false},"excerpt":{"rendered":"<p>Manga curta;<br \/>\nCarcela com 2 bot\u00f5es \u00e0 cor tipo &#8220;madrep\u00e9rola&#8221;;<br \/>\nCortado e cosido;<br \/>\nBot\u00e3o suplente na costura lateral;<br \/>\nCanelado 1&#215;1 na gola e acabamento das mangas;<br \/>\nFita de refor\u00e7o na gola.<\/p>\n<h5>Caracter\u00edsticas:<\/h5>\n<p>100% ALGOD\u00c3O penteado &#8220;Ringspun&#8221;.<\/p>\n<h5>Gramagem:<\/h5>\n<p>180G\/M<\/p>\n<h5>Tamanhos:<\/h5>\n<div class=\"item-content item-sizes\"><span class=\"size-wrapper\">XS &#8211; S \u2013 M \u2013 L \u2013 XL \u2013 XXL \u2013 3XL \u2013 4XL<\/span><\/div>\n","protected":false},"featured_media":1693,"template":"","meta":[],"product_brand":[],"product_cat":[45],"product_tag":[],"class_list":{"0":"post-1692","1":"product","2":"type-product","3":"status-publish","4":"has-post-thumbnail","6":"product_cat-industria","8":"first","9":"instock","10":"shipping-taxable","11":"product-type-simple"},"_links":{"self":[{"href":"https:\/\/oefardas.pt\/index.php?rest_route=\/wp\/v2\/product\/1692","targetHints":{"allow":["GET"]}}],"collection":[{"href":"https:\/\/oefardas.pt\/index.php?rest_route=\/wp\/v2\/product"}],"about":[{"href":"https:\/\/oefardas.pt\/index.php?rest_route=\/wp\/v2\/types\/product"}],"wp:featuredmedia":[{"embeddable":true,"href":"https:\/\/oefardas.pt\/index.php?rest_route=\/wp\/v2\/media\/1693"}],"wp:attachment":[{"href":"https:\/\/oefardas.pt\/index.php?rest_route=%2Fwp%2Fv2%2Fmedia&parent=1692"}],"wp:term":[{"taxonomy":"product_brand","embeddable":true,"href":"https:\/\/oefardas.pt\/index.php?rest_route=%2Fwp%2Fv2%2Fproduct_brand&post=1692"},{"taxonomy":"product_cat","embeddable":true,"href":"https:\/\/oefardas.pt\/index.php?rest_route=%2Fwp%2Fv2%2Fproduct_cat&post=1692"},{"taxonomy":"product_tag","embeddable":true,"href":"https:\/\/oefardas.pt\/index.php?rest_route=%2Fwp%2Fv2%2Fproduct_tag&post=1692"}],"curies":[{"name":"wp","href":"https:\/\/api.w.org\/{rel}","templated":true}]}}