{"id":2452,"date":"2021-03-19T14:16:22","date_gmt":"2021-03-19T14:16:22","guid":{"rendered":"https:\/\/oefardas.pt\/?post_type=product&#038;p=2452"},"modified":"2021-03-19T14:16:22","modified_gmt":"2021-03-19T14:16:22","slug":"t-shirt-decote-em-v-ind-gi41v00","status":"publish","type":"product","link":"https:\/\/oefardas.pt\/?product=t-shirt-decote-em-v-ind-gi41v00","title":{"rendered":"T-SHIRT DECOTE EM &#8220;V&#8221; &#8211; IND\/GI41V00"},"content":{"rendered":"","protected":false},"excerpt":{"rendered":"<p><img decoding=\"async\" class=\"img tt-tooltip-btn alignleft\" src=\"https:\/\/www.toptex.pt\/media\/catalog\/product\/cache\/1\/thumbnail\/x60\/040ec09b1e35df139433887a97daa66f\/aims_productpictogram\/O\/E\/OEKOTEX_GILDAN.jpg?1616107412\" alt=\"STANDARD 100: Certificado atribu\u00eddo por OEKO-TEX\u00ae \u2013 Acredita\u00e7\u00e3o n.\u00ba 68252\" \/><img loading=\"lazy\" decoding=\"async\" class=\"img tt-tooltip-btn alignleft\" src=\"https:\/\/www.toptex.pt\/media\/catalog\/product\/cache\/1\/thumbnail\/x60\/040ec09b1e35df139433887a97daa66f\/aims_productpictogram\/T\/E\/TEAR_AWAY.jpg?1616107224\" alt=\"Etiqueta de marca que pode ser facilmente retirada.\" width=\"49\" height=\"45\" \/><\/p>\n<p>&nbsp;<\/p>\n<p>&nbsp;<\/p>\n<p>Algod\u00e3o pr\u00e9-encolhido: resistente lavagem ap\u00f3s lavagem;<br \/>\nSuave ao toque e agrad\u00e1vel de usar;<br \/>\nEtiqueta amov\u00edvel, f\u00e1cil de voltar a colocar;<br \/>\nMalha jersey;<br \/>\nTapa costuras de ombro a ombro;<br \/>\nPespontos duplos nas mangas e na bainha.<\/p>\n<h5>Caracteristicas:<\/h5>\n<p>100% Algod\u00e3o<\/p>\n<h5>Gramagem:<\/h5>\n<p>185 g\/m\u00b2<\/p>\n<h5>Tamanhos:<\/h5>\n<p>S \u2013 M \u2013 L \u2013 XL \u2013 XXL<\/p>\n","protected":false},"featured_media":2453,"template":"","meta":[],"product_brand":[],"product_cat":[45],"product_tag":[],"class_list":{"0":"post-2452","1":"product","2":"type-product","3":"status-publish","4":"has-post-thumbnail","6":"product_cat-industria","8":"first","9":"instock","10":"shipping-taxable","11":"product-type-simple"},"_links":{"self":[{"href":"https:\/\/oefardas.pt\/index.php?rest_route=\/wp\/v2\/product\/2452","targetHints":{"allow":["GET"]}}],"collection":[{"href":"https:\/\/oefardas.pt\/index.php?rest_route=\/wp\/v2\/product"}],"about":[{"href":"https:\/\/oefardas.pt\/index.php?rest_route=\/wp\/v2\/types\/product"}],"wp:featuredmedia":[{"embeddable":true,"href":"https:\/\/oefardas.pt\/index.php?rest_route=\/wp\/v2\/media\/2453"}],"wp:attachment":[{"href":"https:\/\/oefardas.pt\/index.php?rest_route=%2Fwp%2Fv2%2Fmedia&parent=2452"}],"wp:term":[{"taxonomy":"product_brand","embeddable":true,"href":"https:\/\/oefardas.pt\/index.php?rest_route=%2Fwp%2Fv2%2Fproduct_brand&post=2452"},{"taxonomy":"product_cat","embeddable":true,"href":"https:\/\/oefardas.pt\/index.php?rest_route=%2Fwp%2Fv2%2Fproduct_cat&post=2452"},{"taxonomy":"product_tag","embeddable":true,"href":"https:\/\/oefardas.pt\/index.php?rest_route=%2Fwp%2Fv2%2Fproduct_tag&post=2452"}],"curies":[{"name":"wp","href":"https:\/\/api.w.org\/{rel}","templated":true}]}}