{"id":3113,"date":"2021-04-14T12:57:22","date_gmt":"2021-04-14T12:57:22","guid":{"rendered":"https:\/\/oefardas.pt\/?post_type=product&#038;p=3113"},"modified":"2021-04-14T12:57:22","modified_gmt":"2021-04-14T12:57:22","slug":"camisa-manga-comprida-senhora-strech-rest-k530","status":"publish","type":"product","link":"https:\/\/oefardas.pt\/?product=camisa-manga-comprida-senhora-strech-rest-k530","title":{"rendered":"CAMISA MANGA COMPRIDA SENHORA STRECH &#8211; REST\/K530"},"content":{"rendered":"","protected":false},"excerpt":{"rendered":"<p>Liberdade de movimentos e conforto excelente;<br \/>\nDesenho de uma silhueta elegante e minimalista;<br \/>\nDetalhe de pin\u00e7a no c\u00f3s e na parte traseira para uma dobra e para assentar do modo irrepreens\u00edvel;<br \/>\nCorte cintado;<br \/>\nColarinho pequeno;<br \/>\nBot\u00f5es \u00e0 cor;<br \/>\nBot\u00e3o extra;<br \/>\nBainha arredondada.<\/p>\n<h5>Caracter\u00edsticas:<\/h5>\n<p>97% Algod\u00e3o &#8211; 3% Elastano.<\/p>\n<h5>Gramagem:<\/h5>\n<p>120 g\/m\u00b2<\/p>\n<h5>Tamanhos:<\/h5>\n<p>S \u2013 M \u2013 L \u2013 XL \u2013 XXL<\/p>\n","protected":false},"featured_media":3116,"template":"","meta":[],"product_brand":[],"product_cat":[44],"product_tag":[],"class_list":{"0":"post-3113","1":"product","2":"type-product","3":"status-publish","4":"has-post-thumbnail","6":"product_cat-hotelaria-restauracao","8":"first","9":"instock","10":"shipping-taxable","11":"product-type-simple"},"_links":{"self":[{"href":"https:\/\/oefardas.pt\/index.php?rest_route=\/wp\/v2\/product\/3113","targetHints":{"allow":["GET"]}}],"collection":[{"href":"https:\/\/oefardas.pt\/index.php?rest_route=\/wp\/v2\/product"}],"about":[{"href":"https:\/\/oefardas.pt\/index.php?rest_route=\/wp\/v2\/types\/product"}],"wp:featuredmedia":[{"embeddable":true,"href":"https:\/\/oefardas.pt\/index.php?rest_route=\/wp\/v2\/media\/3116"}],"wp:attachment":[{"href":"https:\/\/oefardas.pt\/index.php?rest_route=%2Fwp%2Fv2%2Fmedia&parent=3113"}],"wp:term":[{"taxonomy":"product_brand","embeddable":true,"href":"https:\/\/oefardas.pt\/index.php?rest_route=%2Fwp%2Fv2%2Fproduct_brand&post=3113"},{"taxonomy":"product_cat","embeddable":true,"href":"https:\/\/oefardas.pt\/index.php?rest_route=%2Fwp%2Fv2%2Fproduct_cat&post=3113"},{"taxonomy":"product_tag","embeddable":true,"href":"https:\/\/oefardas.pt\/index.php?rest_route=%2Fwp%2Fv2%2Fproduct_tag&post=3113"}],"curies":[{"name":"wp","href":"https:\/\/api.w.org\/{rel}","templated":true}]}}