{"id":3764,"date":"2021-05-13T21:07:45","date_gmt":"2021-05-13T21:07:45","guid":{"rendered":"https:\/\/oefardas.pt\/?post_type=product&#038;p=3764"},"modified":"2021-05-13T21:07:45","modified_gmt":"2021-05-13T21:07:45","slug":"t-shirt-bombeiros-bb-t432","status":"publish","type":"product","link":"https:\/\/oefardas.pt\/?product=t-shirt-bombeiros-bb-t432","title":{"rendered":"T-SHIRT BOMBEIROS &#8211; BB\/T432"},"content":{"rendered":"","protected":false},"excerpt":{"rendered":"<h5><img loading=\"lazy\" decoding=\"async\" class=\"alignleft\" src=\"https:\/\/www.milinanda.pt\/cliente\/layout\/oficial_bombeiros.png\" width=\"66\" height=\"71\" \/><em>Venda exclusiva \u00e0s entidades certificadas;<br \/>\nNecess\u00e1ria a identifica\u00e7\u00e3o ou requisi\u00e7\u00e3o.<\/em><\/h5>\n<p>&nbsp;<\/p>\n<p>T-shirt bombeiros estampada;<br \/>\nFabrico Nacional.<\/p>\n<h5>Caracter\u00edsticas:<\/h5>\n<p>100% Algod\u00e3o<\/p>\n<h5>Gramagem:<\/h5>\n<p>180 gr<\/p>\n<h5>Tamanhos:<\/h5>\n<p>XS \u2013 S \u2013 M \u2013 L \u2013 XL \u2013 XXL &#8211; 3XL<\/p>\n<p><strong>Tamb\u00e9m dispon\u00edvel para crian\u00e7a dos 4 aos 16 anos.<\/strong><\/p>\n","protected":false},"featured_media":3765,"template":"","meta":[],"product_brand":[],"product_cat":[49],"product_tag":[],"class_list":{"0":"post-3764","1":"product","2":"type-product","3":"status-publish","4":"has-post-thumbnail","6":"product_cat-bombeiros","8":"first","9":"instock","10":"shipping-taxable","11":"product-type-simple"},"_links":{"self":[{"href":"https:\/\/oefardas.pt\/index.php?rest_route=\/wp\/v2\/product\/3764","targetHints":{"allow":["GET"]}}],"collection":[{"href":"https:\/\/oefardas.pt\/index.php?rest_route=\/wp\/v2\/product"}],"about":[{"href":"https:\/\/oefardas.pt\/index.php?rest_route=\/wp\/v2\/types\/product"}],"wp:featuredmedia":[{"embeddable":true,"href":"https:\/\/oefardas.pt\/index.php?rest_route=\/wp\/v2\/media\/3765"}],"wp:attachment":[{"href":"https:\/\/oefardas.pt\/index.php?rest_route=%2Fwp%2Fv2%2Fmedia&parent=3764"}],"wp:term":[{"taxonomy":"product_brand","embeddable":true,"href":"https:\/\/oefardas.pt\/index.php?rest_route=%2Fwp%2Fv2%2Fproduct_brand&post=3764"},{"taxonomy":"product_cat","embeddable":true,"href":"https:\/\/oefardas.pt\/index.php?rest_route=%2Fwp%2Fv2%2Fproduct_cat&post=3764"},{"taxonomy":"product_tag","embeddable":true,"href":"https:\/\/oefardas.pt\/index.php?rest_route=%2Fwp%2Fv2%2Fproduct_tag&post=3764"}],"curies":[{"name":"wp","href":"https:\/\/api.w.org\/{rel}","templated":true}]}}