{"id":4043,"date":"2021-07-26T15:34:23","date_gmt":"2021-07-26T15:34:23","guid":{"rendered":"https:\/\/oefardas.pt\/?post_type=product&#038;p=4043"},"modified":"2021-07-26T15:34:23","modified_gmt":"2021-07-26T15:34:23","slug":"carteira-em-pele-gnr-dupla-gnr-c449","status":"publish","type":"product","link":"https:\/\/oefardas.pt\/?product=carteira-em-pele-gnr-dupla-gnr-c449","title":{"rendered":"CARTEIRA EM PELE GNR DUPLA &#8211; GNR\/C449"},"content":{"rendered":"","protected":false},"excerpt":{"rendered":"<p>Com porta cart\u00f5es;<br \/>\nPermite colocar dois cart\u00f5es de identifica\u00e7\u00e3o;<br \/>\nCart\u00e3o grande e pequeno.<\/p>\n","protected":false},"featured_media":4044,"template":"","meta":[],"product_brand":[],"product_cat":[15,43],"product_tag":[],"class_list":{"0":"post-4043","1":"product","2":"type-product","3":"status-publish","4":"has-post-thumbnail","6":"product_cat-acessorios","7":"product_cat-gnr","9":"first","10":"instock","11":"shipping-taxable","12":"product-type-simple"},"_links":{"self":[{"href":"https:\/\/oefardas.pt\/index.php?rest_route=\/wp\/v2\/product\/4043","targetHints":{"allow":["GET"]}}],"collection":[{"href":"https:\/\/oefardas.pt\/index.php?rest_route=\/wp\/v2\/product"}],"about":[{"href":"https:\/\/oefardas.pt\/index.php?rest_route=\/wp\/v2\/types\/product"}],"wp:featuredmedia":[{"embeddable":true,"href":"https:\/\/oefardas.pt\/index.php?rest_route=\/wp\/v2\/media\/4044"}],"wp:attachment":[{"href":"https:\/\/oefardas.pt\/index.php?rest_route=%2Fwp%2Fv2%2Fmedia&parent=4043"}],"wp:term":[{"taxonomy":"product_brand","embeddable":true,"href":"https:\/\/oefardas.pt\/index.php?rest_route=%2Fwp%2Fv2%2Fproduct_brand&post=4043"},{"taxonomy":"product_cat","embeddable":true,"href":"https:\/\/oefardas.pt\/index.php?rest_route=%2Fwp%2Fv2%2Fproduct_cat&post=4043"},{"taxonomy":"product_tag","embeddable":true,"href":"https:\/\/oefardas.pt\/index.php?rest_route=%2Fwp%2Fv2%2Fproduct_tag&post=4043"}],"curies":[{"name":"wp","href":"https:\/\/api.w.org\/{rel}","templated":true}]}}